{"id":69,"date":"2018-10-24T10:35:45","date_gmt":"2018-10-24T10:35:45","guid":{"rendered":"http:\/\/jjfconsultores.com\/?page_id=69"},"modified":"2023-12-27T09:39:27","modified_gmt":"2023-12-27T08:39:27","slug":"asesoramiento-contable","status":"publish","type":"page","link":"https:\/\/jjfconsultores.com\/index.php\/about\/asesoramiento-contable\/","title":{"rendered":"Asesoramiento Contable"},"content":{"rendered":"\n<p>En <strong>JJF Asesoramiento Contable<\/strong>, nos dedicamos a brindar un servicio completo de contabilidad y gesti\u00f3n de impuestos. Nuestro objetivo es ayudarte a mantener tus cuentas en orden y a cumplir con todas tus obligaciones fiscales.<\/p>\n\n\n<div class=\"wp-block-image wp-image-174 size-large\">\n<figure class=\"aligncenter\"><img decoding=\"async\" width=\"1024\" height=\"682\" src=\"https:\/\/jjfconsultores.com\/wp-content\/uploads\/2020\/01\/jjf-asesoramiento-contable-1024x682.jpg\" alt=\"JJF Asesoramiento contable\" class=\"wp-image-174\" srcset=\"https:\/\/jjfconsultores.com\/wp-content\/uploads\/2020\/01\/jjf-asesoramiento-contable-1024x682.jpg 1024w, https:\/\/jjfconsultores.com\/wp-content\/uploads\/2020\/01\/jjf-asesoramiento-contable-300x200.jpg 300w, https:\/\/jjfconsultores.com\/wp-content\/uploads\/2020\/01\/jjf-asesoramiento-contable-768x512.jpg 768w, https:\/\/jjfconsultores.com\/wp-content\/uploads\/2020\/01\/jjf-asesoramiento-contable.jpg 1280w\" sizes=\"(max-width: 1024px) 100vw, 1024px\" \/><figcaption class=\"wp-element-caption\">JJF Asesoramiento contable<\/figcaption><\/figure>\n<\/div>\n\n\n<h2 class=\"wp-block-heading\"><strong>Servicios de Asesor\u00eda Contable Personalizada<\/strong><\/h2>\n\n\n\n<p>Nuestros servicios de asesor\u00eda contable incluyen:<\/p>\n\n\n\n<ul class=\"wp-block-list\">\n<li><strong>Llevanza de la contabilidad<\/strong>: Mantenemos tus cuentas al d\u00eda para que puedas concentrarte en lo que mejor sabes hacer: dirigir tu negocio.<\/li>\n\n\n\n<li><strong>An\u00e1lisis Financieros<\/strong>: Te ayudamos a entender la salud financiera de tu empresa con informes detallados y an\u00e1lisis financieros.<\/li>\n\n\n\n<li><strong>Organizaci\u00f3n econ\u00f3mico-financiera<\/strong>: Te ayudamos a organizar tus finanzas para maximizar tus ganancias y minimizar tus gastos.<\/li>\n\n\n\n<li><strong>Presentaci\u00f3n de cuentas en organismos oficiales<\/strong>: Nos encargamos de presentar tus cuentas en los organismos oficiales para que no tengas que preocuparte por los plazos y las regulaciones.<\/li>\n\n\n\n<li><strong>Estudios de Viabilidad<\/strong>: Te ayudamos a tomar decisiones informadas sobre la viabilidad de nuevos proyectos o inversiones.<\/li>\n\n\n\n<li><strong>Legalizaci\u00f3n, confecci\u00f3n y formalizaci\u00f3n de libros contables<\/strong>: Nos encargamos de todos los aspectos legales de la contabilidad, desde la legalizaci\u00f3n hasta la formalizaci\u00f3n de los libros contables.<\/li>\n\n\n\n<li><strong>Sistemas de control interno<\/strong>: Implementamos sistemas de control interno para garantizar la precisi\u00f3n y la integridad de tus datos contables.<\/li>\n<\/ul>\n\n\n\n<h2 class=\"wp-block-heading\"><strong><a href=\"https:\/\/jjfconsultores.com\/index.php\/contacto\/\">Contacta con Nosotros<\/a><\/strong><\/h2>\n\n\n\n<p>Si buscas un asesoramiento contable de confianza, no dudes en contactar con nosotros. Estamos aqu\u00ed para ayudarte a hacer crecer tu negocio.\u00bb<\/p>\n","protected":false},"excerpt":{"rendered":"<p>En JJF Asesoramiento Contable, nos dedicamos a brindar un servicio completo de contabilidad y gesti\u00f3n de impuestos. Nuestro objetivo es ayudarte a mantener tus cuentas en orden y a cumplir con todas tus obligaciones fiscales. Servicios de Asesor\u00eda Contable Personalizada Nuestros servicios de asesor\u00eda contable incluyen: Contacta con Nosotros Si &hellip; <\/p>\n","protected":false},"author":1,"featured_media":0,"parent":9,"menu_order":0,"comment_status":"closed","ping_status":"closed","template":"","meta":{"_mbp_gutenberg_autopost":false,"_joinchat":[],"footnotes":""},"class_list":["post-69","page","type-page","status-publish","hentry"],"yoast_head":"<!-- This site is optimized with the Yoast SEO plugin v24.6 - https:\/\/yoast.com\/wordpress\/plugins\/seo\/ -->\n<title>Asesoramiento Contable - JJF consultores y abogados en C\u00f3rdoba y M\u00e1laga<\/title>\n<meta name=\"robots\" content=\"index, follow, max-snippet:-1, max-image-preview:large, max-video-preview:-1\" \/>\n<link rel=\"canonical\" href=\"https:\/\/jjfconsultores.com\/index.php\/about\/asesoramiento-contable\/\" \/>\n<meta property=\"og:locale\" content=\"es_ES\" \/>\n<meta property=\"og:type\" content=\"article\" \/>\n<meta property=\"og:title\" content=\"Asesoramiento Contable - JJF consultores y abogados en C\u00f3rdoba y M\u00e1laga\" \/>\n<meta property=\"og:description\" content=\"En JJF Asesoramiento Contable, nos dedicamos a brindar un servicio completo de contabilidad y gesti\u00f3n de impuestos. Nuestro objetivo es ayudarte a mantener tus cuentas en orden y a cumplir con todas tus obligaciones fiscales. Servicios de Asesor\u00eda Contable Personalizada Nuestros servicios de asesor\u00eda contable incluyen: Contacta con Nosotros Si &hellip;\" \/>\n<meta property=\"og:url\" content=\"https:\/\/jjfconsultores.com\/index.php\/about\/asesoramiento-contable\/\" \/>\n<meta property=\"og:site_name\" content=\"JJF consultores y abogados en C\u00f3rdoba y M\u00e1laga\" \/>\n<meta property=\"article:publisher\" content=\"https:\/\/www.facebook.com\/JJFconsultoresyabogados\" \/>\n<meta property=\"article:modified_time\" content=\"2023-12-27T08:39:27+00:00\" \/>\n<meta property=\"og:image\" content=\"http:\/\/jjfconsultores.com\/wp-content\/uploads\/2020\/01\/jjf-asesoramiento-contable-1024x682.jpg\" \/>\n<meta name=\"twitter:card\" content=\"summary_large_image\" \/>\n<meta name=\"twitter:site\" content=\"@jesusprieto\" \/>\n<meta name=\"twitter:label1\" content=\"Tiempo de lectura\" \/>\n\t<meta name=\"twitter:data1\" content=\"2 minutos\" \/>\n<script type=\"application\/ld+json\" class=\"yoast-schema-graph\">{\"@context\":\"https:\/\/schema.org\",\"@graph\":[{\"@type\":\"WebPage\",\"@id\":\"https:\/\/jjfconsultores.com\/index.php\/about\/asesoramiento-contable\/\",\"url\":\"https:\/\/jjfconsultores.com\/index.php\/about\/asesoramiento-contable\/\",\"name\":\"Asesoramiento Contable - JJF consultores y abogados en C\u00f3rdoba y M\u00e1laga\",\"isPartOf\":{\"@id\":\"https:\/\/jjfconsultores.com\/#website\"},\"primaryImageOfPage\":{\"@id\":\"https:\/\/jjfconsultores.com\/index.php\/about\/asesoramiento-contable\/#primaryimage\"},\"image\":{\"@id\":\"https:\/\/jjfconsultores.com\/index.php\/about\/asesoramiento-contable\/#primaryimage\"},\"thumbnailUrl\":\"http:\/\/jjfconsultores.com\/wp-content\/uploads\/2020\/01\/jjf-asesoramiento-contable-1024x682.jpg\",\"datePublished\":\"2018-10-24T10:35:45+00:00\",\"dateModified\":\"2023-12-27T08:39:27+00:00\",\"breadcrumb\":{\"@id\":\"https:\/\/jjfconsultores.com\/index.php\/about\/asesoramiento-contable\/#breadcrumb\"},\"inLanguage\":\"es\",\"potentialAction\":[{\"@type\":\"ReadAction\",\"target\":[\"https:\/\/jjfconsultores.com\/index.php\/about\/asesoramiento-contable\/\"]}]},{\"@type\":\"ImageObject\",\"inLanguage\":\"es\",\"@id\":\"https:\/\/jjfconsultores.com\/index.php\/about\/asesoramiento-contable\/#primaryimage\",\"url\":\"http:\/\/jjfconsultores.com\/wp-content\/uploads\/2020\/01\/jjf-asesoramiento-contable-1024x682.jpg\",\"contentUrl\":\"http:\/\/jjfconsultores.com\/wp-content\/uploads\/2020\/01\/jjf-asesoramiento-contable-1024x682.jpg\"},{\"@type\":\"BreadcrumbList\",\"@id\":\"https:\/\/jjfconsultores.com\/index.php\/about\/asesoramiento-contable\/#breadcrumb\",\"itemListElement\":[{\"@type\":\"ListItem\",\"position\":1,\"name\":\"Portada\",\"item\":\"https:\/\/jjfconsultores.com\/\"},{\"@type\":\"ListItem\",\"position\":2,\"name\":\"Servicios\",\"item\":\"https:\/\/jjfconsultores.com\/index.php\/about\/\"},{\"@type\":\"ListItem\",\"position\":3,\"name\":\"Asesoramiento Contable\"}]},{\"@type\":\"WebSite\",\"@id\":\"https:\/\/jjfconsultores.com\/#website\",\"url\":\"https:\/\/jjfconsultores.com\/\",\"name\":\"JJF consultores y abogados\",\"description\":\"Asesor\u00eda fiscal, laboral, contable y jur\u00eddica en C\u00f3rdoba y M\u00e1laga\",\"publisher\":{\"@id\":\"https:\/\/jjfconsultores.com\/#organization\"},\"potentialAction\":[{\"@type\":\"SearchAction\",\"target\":{\"@type\":\"EntryPoint\",\"urlTemplate\":\"https:\/\/jjfconsultores.com\/?s={search_term_string}\"},\"query-input\":{\"@type\":\"PropertyValueSpecification\",\"valueRequired\":true,\"valueName\":\"search_term_string\"}}],\"inLanguage\":\"es\"},{\"@type\":\"Organization\",\"@id\":\"https:\/\/jjfconsultores.com\/#organization\",\"name\":\"JJF consultores y abogados\",\"url\":\"https:\/\/jjfconsultores.com\/\",\"logo\":{\"@type\":\"ImageObject\",\"inLanguage\":\"es\",\"@id\":\"https:\/\/jjfconsultores.com\/#\/schema\/logo\/image\/\",\"url\":\"https:\/\/jjfconsultores.com\/wp-content\/uploads\/2020\/01\/jjf-consultores-abogados-1.png\",\"contentUrl\":\"https:\/\/jjfconsultores.com\/wp-content\/uploads\/2020\/01\/jjf-consultores-abogados-1.png\",\"width\":500,\"height\":500,\"caption\":\"JJF consultores y abogados\"},\"image\":{\"@id\":\"https:\/\/jjfconsultores.com\/#\/schema\/logo\/image\/\"},\"sameAs\":[\"https:\/\/www.facebook.com\/JJFconsultoresyabogados\",\"https:\/\/x.com\/jesusprieto\",\"https:\/\/www.instagram.com\/JJF_consultores_abogados\/\",\"https:\/\/www.linkedin.com\/company\/jjf-soluciones-de-empresa\"]}]}<\/script>\n<!-- \/ Yoast SEO plugin. -->","yoast_head_json":{"title":"Asesoramiento Contable - JJF consultores y abogados en C\u00f3rdoba y M\u00e1laga","robots":{"index":"index","follow":"follow","max-snippet":"max-snippet:-1","max-image-preview":"max-image-preview:large","max-video-preview":"max-video-preview:-1"},"canonical":"https:\/\/jjfconsultores.com\/index.php\/about\/asesoramiento-contable\/","og_locale":"es_ES","og_type":"article","og_title":"Asesoramiento Contable - JJF consultores y abogados en C\u00f3rdoba y M\u00e1laga","og_description":"En JJF Asesoramiento Contable, nos dedicamos a brindar un servicio completo de contabilidad y gesti\u00f3n de impuestos. Nuestro objetivo es ayudarte a mantener tus cuentas en orden y a cumplir con todas tus obligaciones fiscales. Servicios de Asesor\u00eda Contable Personalizada Nuestros servicios de asesor\u00eda contable incluyen: Contacta con Nosotros Si &hellip;","og_url":"https:\/\/jjfconsultores.com\/index.php\/about\/asesoramiento-contable\/","og_site_name":"JJF consultores y abogados en C\u00f3rdoba y M\u00e1laga","article_publisher":"https:\/\/www.facebook.com\/JJFconsultoresyabogados","article_modified_time":"2023-12-27T08:39:27+00:00","og_image":[{"url":"http:\/\/jjfconsultores.com\/wp-content\/uploads\/2020\/01\/jjf-asesoramiento-contable-1024x682.jpg","type":"","width":"","height":""}],"twitter_card":"summary_large_image","twitter_site":"@jesusprieto","twitter_misc":{"Tiempo de lectura":"2 minutos"},"schema":{"@context":"https:\/\/schema.org","@graph":[{"@type":"WebPage","@id":"https:\/\/jjfconsultores.com\/index.php\/about\/asesoramiento-contable\/","url":"https:\/\/jjfconsultores.com\/index.php\/about\/asesoramiento-contable\/","name":"Asesoramiento Contable - JJF consultores y abogados en C\u00f3rdoba y M\u00e1laga","isPartOf":{"@id":"https:\/\/jjfconsultores.com\/#website"},"primaryImageOfPage":{"@id":"https:\/\/jjfconsultores.com\/index.php\/about\/asesoramiento-contable\/#primaryimage"},"image":{"@id":"https:\/\/jjfconsultores.com\/index.php\/about\/asesoramiento-contable\/#primaryimage"},"thumbnailUrl":"http:\/\/jjfconsultores.com\/wp-content\/uploads\/2020\/01\/jjf-asesoramiento-contable-1024x682.jpg","datePublished":"2018-10-24T10:35:45+00:00","dateModified":"2023-12-27T08:39:27+00:00","breadcrumb":{"@id":"https:\/\/jjfconsultores.com\/index.php\/about\/asesoramiento-contable\/#breadcrumb"},"inLanguage":"es","potentialAction":[{"@type":"ReadAction","target":["https:\/\/jjfconsultores.com\/index.php\/about\/asesoramiento-contable\/"]}]},{"@type":"ImageObject","inLanguage":"es","@id":"https:\/\/jjfconsultores.com\/index.php\/about\/asesoramiento-contable\/#primaryimage","url":"http:\/\/jjfconsultores.com\/wp-content\/uploads\/2020\/01\/jjf-asesoramiento-contable-1024x682.jpg","contentUrl":"http:\/\/jjfconsultores.com\/wp-content\/uploads\/2020\/01\/jjf-asesoramiento-contable-1024x682.jpg"},{"@type":"BreadcrumbList","@id":"https:\/\/jjfconsultores.com\/index.php\/about\/asesoramiento-contable\/#breadcrumb","itemListElement":[{"@type":"ListItem","position":1,"name":"Portada","item":"https:\/\/jjfconsultores.com\/"},{"@type":"ListItem","position":2,"name":"Servicios","item":"https:\/\/jjfconsultores.com\/index.php\/about\/"},{"@type":"ListItem","position":3,"name":"Asesoramiento Contable"}]},{"@type":"WebSite","@id":"https:\/\/jjfconsultores.com\/#website","url":"https:\/\/jjfconsultores.com\/","name":"JJF consultores y abogados","description":"Asesor\u00eda fiscal, laboral, contable y jur\u00eddica en C\u00f3rdoba y M\u00e1laga","publisher":{"@id":"https:\/\/jjfconsultores.com\/#organization"},"potentialAction":[{"@type":"SearchAction","target":{"@type":"EntryPoint","urlTemplate":"https:\/\/jjfconsultores.com\/?s={search_term_string}"},"query-input":{"@type":"PropertyValueSpecification","valueRequired":true,"valueName":"search_term_string"}}],"inLanguage":"es"},{"@type":"Organization","@id":"https:\/\/jjfconsultores.com\/#organization","name":"JJF consultores y abogados","url":"https:\/\/jjfconsultores.com\/","logo":{"@type":"ImageObject","inLanguage":"es","@id":"https:\/\/jjfconsultores.com\/#\/schema\/logo\/image\/","url":"https:\/\/jjfconsultores.com\/wp-content\/uploads\/2020\/01\/jjf-consultores-abogados-1.png","contentUrl":"https:\/\/jjfconsultores.com\/wp-content\/uploads\/2020\/01\/jjf-consultores-abogados-1.png","width":500,"height":500,"caption":"JJF consultores y abogados"},"image":{"@id":"https:\/\/jjfconsultores.com\/#\/schema\/logo\/image\/"},"sameAs":["https:\/\/www.facebook.com\/JJFconsultoresyabogados","https:\/\/x.com\/jesusprieto","https:\/\/www.instagram.com\/JJF_consultores_abogados\/","https:\/\/www.linkedin.com\/company\/jjf-soluciones-de-empresa"]}]}},"_links":{"self":[{"href":"https:\/\/jjfconsultores.com\/index.php\/wp-json\/wp\/v2\/pages\/69","targetHints":{"allow":["GET"]}}],"collection":[{"href":"https:\/\/jjfconsultores.com\/index.php\/wp-json\/wp\/v2\/pages"}],"about":[{"href":"https:\/\/jjfconsultores.com\/index.php\/wp-json\/wp\/v2\/types\/page"}],"author":[{"embeddable":true,"href":"https:\/\/jjfconsultores.com\/index.php\/wp-json\/wp\/v2\/users\/1"}],"replies":[{"embeddable":true,"href":"https:\/\/jjfconsultores.com\/index.php\/wp-json\/wp\/v2\/comments?post=69"}],"version-history":[{"count":7,"href":"https:\/\/jjfconsultores.com\/index.php\/wp-json\/wp\/v2\/pages\/69\/revisions"}],"predecessor-version":[{"id":772,"href":"https:\/\/jjfconsultores.com\/index.php\/wp-json\/wp\/v2\/pages\/69\/revisions\/772"}],"up":[{"embeddable":true,"href":"https:\/\/jjfconsultores.com\/index.php\/wp-json\/wp\/v2\/pages\/9"}],"wp:attachment":[{"href":"https:\/\/jjfconsultores.com\/index.php\/wp-json\/wp\/v2\/media?parent=69"}],"curies":[{"name":"wp","href":"https:\/\/api.w.org\/{rel}","templated":true}]}}