{"id":84,"date":"2018-10-24T10:52:03","date_gmt":"2018-10-24T10:52:03","guid":{"rendered":"http:\/\/jjfconsultores.com\/?page_id=84"},"modified":"2023-12-27T09:46:25","modified_gmt":"2023-12-27T08:46:25","slug":"asesoramiento-gestion","status":"publish","type":"page","link":"https:\/\/jjfconsultores.com\/index.php\/about\/asesoramiento-gestion\/","title":{"rendered":"Asesoramiento en gestiones"},"content":{"rendered":"\n<p>En <strong>JJF Soluciones de Empresa<\/strong>, entendemos que cada negocio es \u00fanico. A lo largo de los a\u00f1os, hemos observado las diferentes necesidades que presentan las empresas, atendiendo a factores como su volumen de facturaci\u00f3n, personal y sector de actividad.<\/p>\n\n\n<div class=\"wp-block-image wp-image-191 size-large\">\n<figure class=\"aligncenter\"><img decoding=\"async\" width=\"1024\" height=\"778\" src=\"https:\/\/jjfconsultores.com\/wp-content\/uploads\/2020\/01\/jjf-asesoramiento-gestion-1024x778.jpg\" alt=\"JJF Asesoramiento Gesti\u00f3n en C\u00f3rdoba y M\u00e1laga\" class=\"wp-image-191\" srcset=\"https:\/\/jjfconsultores.com\/wp-content\/uploads\/2020\/01\/jjf-asesoramiento-gestion-1024x778.jpg 1024w, https:\/\/jjfconsultores.com\/wp-content\/uploads\/2020\/01\/jjf-asesoramiento-gestion-300x228.jpg 300w, https:\/\/jjfconsultores.com\/wp-content\/uploads\/2020\/01\/jjf-asesoramiento-gestion-768x583.jpg 768w, https:\/\/jjfconsultores.com\/wp-content\/uploads\/2020\/01\/jjf-asesoramiento-gestion.jpg 1280w\" sizes=\"(max-width: 1024px) 100vw, 1024px\" \/><figcaption class=\"wp-element-caption\">JJF Asesoramiento Gesti\u00f3n en C\u00f3rdoba y M\u00e1laga<\/figcaption><\/figure>\n<\/div>\n\n\n<h2 class=\"wp-block-heading\"><strong>Servicios de Asesoramiento en Gestiones Personalizadas<\/strong><\/h2>\n\n\n\n<p>Ofrecemos una amplia gama de servicios de asesoramiento en gestiones, dise\u00f1ados para adaptarse a las necesidades espec\u00edficas de tu negocio. Entre nuestros servicios destacan:<\/p>\n\n\n\n<ol class=\"wp-block-list\">\n<li>Control de bancos.<\/li>\n\n\n\n<li>Previsi\u00f3n de tesorer\u00eda.<\/li>\n\n\n\n<li>Control de hojas de caja.<\/li>\n\n\n\n<li>Control de Facturas emitidas y recibidas.<\/li>\n\n\n\n<li>Orientaci\u00f3n y dise\u00f1o de tarifas de precios.<\/li>\n\n\n\n<li>Dise\u00f1o de publicidad y An\u00e1lisis de mercados.<\/li>\n\n\n\n<li>Control de ventas de productos, servicios, etc.<\/li>\n\n\n\n<li>Marcar las directrices para el Control de Almac\u00e9n.<\/li>\n\n\n\n<li>Control y dise\u00f1o de los partes de trabajo, para el control de los mismos.<\/li>\n\n\n\n<li>Redistribuci\u00f3n y dise\u00f1o de cada uno de los departamentos de recursos humanos.<\/li>\n\n\n\n<li>Realizaci\u00f3n de estudios de mercado: descripci\u00f3n, an\u00e1lisis y evoluci\u00f3n del sector.<\/li>\n\n\n\n<li>Crear o en su caso adecuar un proceso inform\u00e1tico de gesti\u00f3n adecuado a la empresa.<\/li>\n\n\n\n<li>Control de obras, o su caso trabajos, materiales empleados y mano de obra, s\u00ed como la cuantificaci\u00f3n del coste empresarial.<\/li>\n\n\n\n<li>An\u00e1lisis e informes de gesti\u00f3n: Evoluci\u00f3n y seguimiento de trabajos realizados, Estad\u00edsticas, Previsiones y Rentabilidades.<\/li>\n\n\n\n<li>Adecuaci\u00f3n del sistema empresarial para la obtenci\u00f3n del Certificado de Calidad en las distintas modalidades ISO 9000, 14000, etc.<\/li>\n\n\n\n<li>Reuniones tanto con la directiva de la empresa, as\u00ed como con los trabajadores, para encauzar los distintos procesos anteriormente expuestos.<\/li>\n\n\n\n<li>Realizaci\u00f3n de planes estrat\u00e9gicos: An\u00e1lisis de fortalezas, debilidades, amenazas y oportunidades de la iniciativa empresarial situ\u00e1ndola en su entorno socioecon\u00f3mico.<\/li>\n<\/ol>\n\n\n\n<h2 class=\"wp-block-heading\"><strong><a href=\"https:\/\/jjfconsultores.com\/index.php\/contacto\/\">Contacta con Nosotros<\/a><\/strong><\/h2>\n\n\n\n<p>Si buscas un asesoramiento en gestiones de confianza en C\u00f3rdoba o M\u00e1laga, no dudes en contactar con nosotros. Estamos aqu\u00ed para ayudarte a hacer crecer tu negocio.<\/p>\n","protected":false},"excerpt":{"rendered":"<p>En JJF Soluciones de Empresa, entendemos que cada negocio es \u00fanico. A lo largo de los a\u00f1os, hemos observado las diferentes necesidades que presentan las empresas, atendiendo a factores como su volumen de facturaci\u00f3n, personal y sector de actividad. Servicios de Asesoramiento en Gestiones Personalizadas Ofrecemos una amplia gama de &hellip; <\/p>\n","protected":false},"author":1,"featured_media":0,"parent":9,"menu_order":0,"comment_status":"closed","ping_status":"closed","template":"","meta":{"_mbp_gutenberg_autopost":false,"_joinchat":[],"footnotes":""},"class_list":["post-84","page","type-page","status-publish","hentry"],"yoast_head":"<!-- This site is optimized with the Yoast SEO plugin v24.6 - https:\/\/yoast.com\/wordpress\/plugins\/seo\/ -->\n<title>Asesoramiento en gestiones - JJF consultores y abogados en C\u00f3rdoba y M\u00e1laga<\/title>\n<meta name=\"robots\" content=\"index, follow, max-snippet:-1, max-image-preview:large, max-video-preview:-1\" \/>\n<link rel=\"canonical\" href=\"https:\/\/jjfconsultores.com\/index.php\/about\/asesoramiento-gestion\/\" \/>\n<meta property=\"og:locale\" content=\"es_ES\" \/>\n<meta property=\"og:type\" content=\"article\" \/>\n<meta property=\"og:title\" content=\"Asesoramiento en gestiones - JJF consultores y abogados en C\u00f3rdoba y M\u00e1laga\" \/>\n<meta property=\"og:description\" content=\"En JJF Soluciones de Empresa, entendemos que cada negocio es \u00fanico. A lo largo de los a\u00f1os, hemos observado las diferentes necesidades que presentan las empresas, atendiendo a factores como su volumen de facturaci\u00f3n, personal y sector de actividad. Servicios de Asesoramiento en Gestiones Personalizadas Ofrecemos una amplia gama de &hellip;\" \/>\n<meta property=\"og:url\" content=\"https:\/\/jjfconsultores.com\/index.php\/about\/asesoramiento-gestion\/\" \/>\n<meta property=\"og:site_name\" content=\"JJF consultores y abogados en C\u00f3rdoba y M\u00e1laga\" \/>\n<meta property=\"article:publisher\" content=\"https:\/\/www.facebook.com\/JJFconsultoresyabogados\" \/>\n<meta property=\"article:modified_time\" content=\"2023-12-27T08:46:25+00:00\" \/>\n<meta property=\"og:image\" content=\"http:\/\/jjfconsultores.com\/wp-content\/uploads\/2020\/01\/jjf-asesoramiento-gestion-1024x778.jpg\" \/>\n<meta name=\"twitter:card\" content=\"summary_large_image\" \/>\n<meta name=\"twitter:site\" content=\"@jesusprieto\" \/>\n<meta name=\"twitter:label1\" content=\"Tiempo de lectura\" \/>\n\t<meta name=\"twitter:data1\" content=\"2 minutos\" \/>\n<script type=\"application\/ld+json\" class=\"yoast-schema-graph\">{\"@context\":\"https:\/\/schema.org\",\"@graph\":[{\"@type\":\"WebPage\",\"@id\":\"https:\/\/jjfconsultores.com\/index.php\/about\/asesoramiento-gestion\/\",\"url\":\"https:\/\/jjfconsultores.com\/index.php\/about\/asesoramiento-gestion\/\",\"name\":\"Asesoramiento en gestiones - JJF consultores y abogados en C\u00f3rdoba y M\u00e1laga\",\"isPartOf\":{\"@id\":\"https:\/\/jjfconsultores.com\/#website\"},\"primaryImageOfPage\":{\"@id\":\"https:\/\/jjfconsultores.com\/index.php\/about\/asesoramiento-gestion\/#primaryimage\"},\"image\":{\"@id\":\"https:\/\/jjfconsultores.com\/index.php\/about\/asesoramiento-gestion\/#primaryimage\"},\"thumbnailUrl\":\"http:\/\/jjfconsultores.com\/wp-content\/uploads\/2020\/01\/jjf-asesoramiento-gestion-1024x778.jpg\",\"datePublished\":\"2018-10-24T10:52:03+00:00\",\"dateModified\":\"2023-12-27T08:46:25+00:00\",\"breadcrumb\":{\"@id\":\"https:\/\/jjfconsultores.com\/index.php\/about\/asesoramiento-gestion\/#breadcrumb\"},\"inLanguage\":\"es\",\"potentialAction\":[{\"@type\":\"ReadAction\",\"target\":[\"https:\/\/jjfconsultores.com\/index.php\/about\/asesoramiento-gestion\/\"]}]},{\"@type\":\"ImageObject\",\"inLanguage\":\"es\",\"@id\":\"https:\/\/jjfconsultores.com\/index.php\/about\/asesoramiento-gestion\/#primaryimage\",\"url\":\"http:\/\/jjfconsultores.com\/wp-content\/uploads\/2020\/01\/jjf-asesoramiento-gestion-1024x778.jpg\",\"contentUrl\":\"http:\/\/jjfconsultores.com\/wp-content\/uploads\/2020\/01\/jjf-asesoramiento-gestion-1024x778.jpg\"},{\"@type\":\"BreadcrumbList\",\"@id\":\"https:\/\/jjfconsultores.com\/index.php\/about\/asesoramiento-gestion\/#breadcrumb\",\"itemListElement\":[{\"@type\":\"ListItem\",\"position\":1,\"name\":\"Portada\",\"item\":\"https:\/\/jjfconsultores.com\/\"},{\"@type\":\"ListItem\",\"position\":2,\"name\":\"Servicios\",\"item\":\"https:\/\/jjfconsultores.com\/index.php\/about\/\"},{\"@type\":\"ListItem\",\"position\":3,\"name\":\"Asesoramiento en gestiones\"}]},{\"@type\":\"WebSite\",\"@id\":\"https:\/\/jjfconsultores.com\/#website\",\"url\":\"https:\/\/jjfconsultores.com\/\",\"name\":\"JJF consultores y abogados\",\"description\":\"Asesor\u00eda fiscal, laboral, contable y jur\u00eddica en C\u00f3rdoba y M\u00e1laga\",\"publisher\":{\"@id\":\"https:\/\/jjfconsultores.com\/#organization\"},\"potentialAction\":[{\"@type\":\"SearchAction\",\"target\":{\"@type\":\"EntryPoint\",\"urlTemplate\":\"https:\/\/jjfconsultores.com\/?s={search_term_string}\"},\"query-input\":{\"@type\":\"PropertyValueSpecification\",\"valueRequired\":true,\"valueName\":\"search_term_string\"}}],\"inLanguage\":\"es\"},{\"@type\":\"Organization\",\"@id\":\"https:\/\/jjfconsultores.com\/#organization\",\"name\":\"JJF consultores y abogados\",\"url\":\"https:\/\/jjfconsultores.com\/\",\"logo\":{\"@type\":\"ImageObject\",\"inLanguage\":\"es\",\"@id\":\"https:\/\/jjfconsultores.com\/#\/schema\/logo\/image\/\",\"url\":\"https:\/\/jjfconsultores.com\/wp-content\/uploads\/2020\/01\/jjf-consultores-abogados-1.png\",\"contentUrl\":\"https:\/\/jjfconsultores.com\/wp-content\/uploads\/2020\/01\/jjf-consultores-abogados-1.png\",\"width\":500,\"height\":500,\"caption\":\"JJF consultores y abogados\"},\"image\":{\"@id\":\"https:\/\/jjfconsultores.com\/#\/schema\/logo\/image\/\"},\"sameAs\":[\"https:\/\/www.facebook.com\/JJFconsultoresyabogados\",\"https:\/\/x.com\/jesusprieto\",\"https:\/\/www.instagram.com\/JJF_consultores_abogados\/\",\"https:\/\/www.linkedin.com\/company\/jjf-soluciones-de-empresa\"]}]}<\/script>\n<!-- \/ Yoast SEO plugin. -->","yoast_head_json":{"title":"Asesoramiento en gestiones - JJF consultores y abogados en C\u00f3rdoba y M\u00e1laga","robots":{"index":"index","follow":"follow","max-snippet":"max-snippet:-1","max-image-preview":"max-image-preview:large","max-video-preview":"max-video-preview:-1"},"canonical":"https:\/\/jjfconsultores.com\/index.php\/about\/asesoramiento-gestion\/","og_locale":"es_ES","og_type":"article","og_title":"Asesoramiento en gestiones - JJF consultores y abogados en C\u00f3rdoba y M\u00e1laga","og_description":"En JJF Soluciones de Empresa, entendemos que cada negocio es \u00fanico. A lo largo de los a\u00f1os, hemos observado las diferentes necesidades que presentan las empresas, atendiendo a factores como su volumen de facturaci\u00f3n, personal y sector de actividad. Servicios de Asesoramiento en Gestiones Personalizadas Ofrecemos una amplia gama de &hellip;","og_url":"https:\/\/jjfconsultores.com\/index.php\/about\/asesoramiento-gestion\/","og_site_name":"JJF consultores y abogados en C\u00f3rdoba y M\u00e1laga","article_publisher":"https:\/\/www.facebook.com\/JJFconsultoresyabogados","article_modified_time":"2023-12-27T08:46:25+00:00","og_image":[{"url":"http:\/\/jjfconsultores.com\/wp-content\/uploads\/2020\/01\/jjf-asesoramiento-gestion-1024x778.jpg","type":"","width":"","height":""}],"twitter_card":"summary_large_image","twitter_site":"@jesusprieto","twitter_misc":{"Tiempo de lectura":"2 minutos"},"schema":{"@context":"https:\/\/schema.org","@graph":[{"@type":"WebPage","@id":"https:\/\/jjfconsultores.com\/index.php\/about\/asesoramiento-gestion\/","url":"https:\/\/jjfconsultores.com\/index.php\/about\/asesoramiento-gestion\/","name":"Asesoramiento en gestiones - JJF consultores y abogados en C\u00f3rdoba y M\u00e1laga","isPartOf":{"@id":"https:\/\/jjfconsultores.com\/#website"},"primaryImageOfPage":{"@id":"https:\/\/jjfconsultores.com\/index.php\/about\/asesoramiento-gestion\/#primaryimage"},"image":{"@id":"https:\/\/jjfconsultores.com\/index.php\/about\/asesoramiento-gestion\/#primaryimage"},"thumbnailUrl":"http:\/\/jjfconsultores.com\/wp-content\/uploads\/2020\/01\/jjf-asesoramiento-gestion-1024x778.jpg","datePublished":"2018-10-24T10:52:03+00:00","dateModified":"2023-12-27T08:46:25+00:00","breadcrumb":{"@id":"https:\/\/jjfconsultores.com\/index.php\/about\/asesoramiento-gestion\/#breadcrumb"},"inLanguage":"es","potentialAction":[{"@type":"ReadAction","target":["https:\/\/jjfconsultores.com\/index.php\/about\/asesoramiento-gestion\/"]}]},{"@type":"ImageObject","inLanguage":"es","@id":"https:\/\/jjfconsultores.com\/index.php\/about\/asesoramiento-gestion\/#primaryimage","url":"http:\/\/jjfconsultores.com\/wp-content\/uploads\/2020\/01\/jjf-asesoramiento-gestion-1024x778.jpg","contentUrl":"http:\/\/jjfconsultores.com\/wp-content\/uploads\/2020\/01\/jjf-asesoramiento-gestion-1024x778.jpg"},{"@type":"BreadcrumbList","@id":"https:\/\/jjfconsultores.com\/index.php\/about\/asesoramiento-gestion\/#breadcrumb","itemListElement":[{"@type":"ListItem","position":1,"name":"Portada","item":"https:\/\/jjfconsultores.com\/"},{"@type":"ListItem","position":2,"name":"Servicios","item":"https:\/\/jjfconsultores.com\/index.php\/about\/"},{"@type":"ListItem","position":3,"name":"Asesoramiento en gestiones"}]},{"@type":"WebSite","@id":"https:\/\/jjfconsultores.com\/#website","url":"https:\/\/jjfconsultores.com\/","name":"JJF consultores y abogados","description":"Asesor\u00eda fiscal, laboral, contable y jur\u00eddica en C\u00f3rdoba y M\u00e1laga","publisher":{"@id":"https:\/\/jjfconsultores.com\/#organization"},"potentialAction":[{"@type":"SearchAction","target":{"@type":"EntryPoint","urlTemplate":"https:\/\/jjfconsultores.com\/?s={search_term_string}"},"query-input":{"@type":"PropertyValueSpecification","valueRequired":true,"valueName":"search_term_string"}}],"inLanguage":"es"},{"@type":"Organization","@id":"https:\/\/jjfconsultores.com\/#organization","name":"JJF consultores y abogados","url":"https:\/\/jjfconsultores.com\/","logo":{"@type":"ImageObject","inLanguage":"es","@id":"https:\/\/jjfconsultores.com\/#\/schema\/logo\/image\/","url":"https:\/\/jjfconsultores.com\/wp-content\/uploads\/2020\/01\/jjf-consultores-abogados-1.png","contentUrl":"https:\/\/jjfconsultores.com\/wp-content\/uploads\/2020\/01\/jjf-consultores-abogados-1.png","width":500,"height":500,"caption":"JJF consultores y abogados"},"image":{"@id":"https:\/\/jjfconsultores.com\/#\/schema\/logo\/image\/"},"sameAs":["https:\/\/www.facebook.com\/JJFconsultoresyabogados","https:\/\/x.com\/jesusprieto","https:\/\/www.instagram.com\/JJF_consultores_abogados\/","https:\/\/www.linkedin.com\/company\/jjf-soluciones-de-empresa"]}]}},"_links":{"self":[{"href":"https:\/\/jjfconsultores.com\/index.php\/wp-json\/wp\/v2\/pages\/84","targetHints":{"allow":["GET"]}}],"collection":[{"href":"https:\/\/jjfconsultores.com\/index.php\/wp-json\/wp\/v2\/pages"}],"about":[{"href":"https:\/\/jjfconsultores.com\/index.php\/wp-json\/wp\/v2\/types\/page"}],"author":[{"embeddable":true,"href":"https:\/\/jjfconsultores.com\/index.php\/wp-json\/wp\/v2\/users\/1"}],"replies":[{"embeddable":true,"href":"https:\/\/jjfconsultores.com\/index.php\/wp-json\/wp\/v2\/comments?post=84"}],"version-history":[{"count":11,"href":"https:\/\/jjfconsultores.com\/index.php\/wp-json\/wp\/v2\/pages\/84\/revisions"}],"predecessor-version":[{"id":776,"href":"https:\/\/jjfconsultores.com\/index.php\/wp-json\/wp\/v2\/pages\/84\/revisions\/776"}],"up":[{"embeddable":true,"href":"https:\/\/jjfconsultores.com\/index.php\/wp-json\/wp\/v2\/pages\/9"}],"wp:attachment":[{"href":"https:\/\/jjfconsultores.com\/index.php\/wp-json\/wp\/v2\/media?parent=84"}],"curies":[{"name":"wp","href":"https:\/\/api.w.org\/{rel}","templated":true}]}}